{"id":13735,"date":"2019-06-01T20:15:59","date_gmt":"2019-06-01T18:15:59","guid":{"rendered":"https:\/\/www.hotelrestart.cz\/geschichte-des-restart-hotels\/"},"modified":"2025-03-24T10:35:50","modified_gmt":"2025-03-24T09:35:50","slug":"geschichte-des-restart-hotels","status":"publish","type":"page","link":"https:\/\/www.hotelrestart.cz\/de\/ueber-das-hotel\/geschichte-des-restart-hotels\/","title":{"rendered":"Geschichte des reSTART Hotels"},"content":{"rendered":"<div class=\"wpb-content-wrapper\"><p>[vc_row full_width=&#8221;stretch_row&#8221; content_placement=&#8221;middle&#8221; el_class=&#8221;featured&#8221; css=&#8221;.vc_custom_1599051441764{background-image: url(https:\/\/www.hotelrestart.cz\/wp-content\/uploads\/2020\/09\/O_hotelu.jpg?id=9101) !important;background-position: center !important;background-repeat: no-repeat !important;background-size: cover !important;}&#8221;][vc_column][vc_column_text]<\/p>\n<h1>Hotelgeschichte<\/h1>\n<p>[\/vc_column_text][\/vc_column][\/vc_row][vc_row][vc_column][vc_column_text]Der Bau des Geb\u00e4udes wurde Anfang 1976 abgeschlossen, wobei seine Realisierung im Rahmen der sogenannten \u201e <strong>Z<\/strong> \u201c-Aktion geplant war, d. h. der \u201efreiwilligen unfreiwilligen\u201c, unbezahlten Arbeitst\u00e4tigkeit lokaler B\u00fcrger zum Zwecke der Verbesserung der Stadt. W\u00e4hrend seines Betriebes erwarb sich das damalige \u201eHotel Start\u201c einen sehr guten Ruf und z\u00e4hlte zu den bedeutendsten Beherbergungsbetrieben der Region. Das erstklassig ausgestattete Hotel in einem ruhigen Stadtteil mit Anschluss an einen Sportkomplex war damals ein beliebtes Ziel aller Reisenden, die ins B\u00f6hmische Paradies wollten. Auch bei Sportvereinen war es beliebt, die es f\u00fcr das Winter- und Sommertraining ihrer Spieler nutzten. Das Hotel wechselte mehrmals den Besitzer, doch fast 30 Jahre lang kam es weder zu gr\u00f6\u00dferen Umbau- noch zu umfassenden Instandhaltungsarbeiten, sodass der Zahn der Zeit seinen Tribut forderte und das Geb\u00e4ude fast vollst\u00e4ndig verfiel. Die Stadt Ji\u010d\u00edn erwog, das Geb\u00e4ude aus eigenen Mitteln zu renovieren, doch am Ende entschieden sich die Stadtr\u00e4te f\u00fcr den Verkauf an einen privaten Eigent\u00fcmer. Im Jahr 2010 wurden die erfahrenen Ji\u010d\u00edner Unternehmer Herr \u2026 die neuen Eigent\u00fcmer des Geb\u00e4udes. Brusak und Herr Ent, die damals bereits erfolgreiche Familienhotelbetreiber waren. Zwischen 2010 und 2018 wurde das Geb\u00e4ude einer Generalsanierung unterzogen. Die Eigent\u00fcmer gaben ihrem neuen Projekt den passenden Namen \u201ehotel reSTART****\u201c, um an die ruhmreiche Geschichte und die erfolgreiche Zukunft zu erinnern, die vor ihnen liegt.          [\/vc_column_text][vc_empty_space][\/vc_column][\/vc_row][vc_row][vc_column width=&#8221;1\/2&#8243;][vc_column_text]<\/p>\n<p style=\"text-align: center;\"><strong>Vor der Renovierung<\/strong><\/p>\n<p>[\/vc_column_text][vc_single_image image=&#8221;7027&#8243; img_size=&#8221;large&#8221; alignment=&#8221;center&#8221;][\/vc_column][vc_column width=&#8221;1\/2&#8243;][vc_column_text]<\/p>\n<p style=\"text-align: center;\"><strong>Nach dem Wiederaufbau<\/strong><\/p>\n<p>[\/vc_column_text][vc_single_image image=&#8221;7028&#8243; img_size=&#8221;large&#8221; alignment=&#8221;center&#8221;][\/vc_column][\/vc_row][vc_row][vc_column][vc_empty_space][\/vc_column][\/vc_row][vc_row][vc_column width=&#8221;1\/2&#8243;][vc_column_text]<\/p>\n<p style=\"text-align: center;\"><strong>Vor der Renovierung<\/strong><\/p>\n<p>[\/vc_column_text][vc_single_image image=&#8221;7029&#8243; img_size=&#8221;large&#8221; alignment=&#8221;center&#8221;][\/vc_column][vc_column width=&#8221;1\/2&#8243;][vc_column_text]<\/p>\n<p style=\"text-align: center;\"><strong>Nach dem Wiederaufbau<\/strong><\/p>\n<p>[\/vc_column_text][vc_single_image image=&#8221;7030&#8243; img_size=&#8221;large&#8221; alignment=&#8221;center&#8221;][\/vc_column][\/vc_row][vc_row][vc_column][vc_empty_space][\/vc_column][\/vc_row][vc_row][vc_column width=&#8221;1\/2&#8243;][vc_column_text]<\/p>\n<p style=\"text-align: center;\"><strong>Vor der Renovierung<\/strong><\/p>\n<p>[\/vc_column_text][vc_single_image image=&#8221;7510&#8243; img_size=&#8221;large&#8221; alignment=&#8221;center&#8221;][\/vc_column][vc_column width=&#8221;1\/2&#8243;][vc_column_text]<\/p>\n<p style=\"text-align: center;\"><strong>Nach dem Wiederaufbau<\/strong><\/p>\n<p>[\/vc_column_text][vc_single_image image=&#8221;7511&#8243; img_size=&#8221;large&#8221; alignment=&#8221;center&#8221;][\/vc_column][\/vc_row][vc_row][vc_column][vc_empty_space][\/vc_column][\/vc_row]<\/p>\n<\/div>","protected":false},"excerpt":{"rendered":"<p>[vc_row full_width=&#8221;stretch_row&#8221; content_placement=&#8221;middle&#8221; el_class=&#8221;featured&#8221; css=&#8221;.vc_custom_1599051441764{background-image: url(https:\/\/www.hotelrestart.cz\/wp-content\/uploads\/2020\/09\/O_hotelu.jpg?id=9101) !important;background-position: center !important;background-repeat: no-repeat !important;background-size: cover !important;}&#8221;][vc_column][vc_column_text] Hotelgeschichte [\/vc_column_text][\/vc_column][\/vc_row][vc_row][vc_column][vc_column_text]Der Bau des Geb\u00e4udes wurde Anfang 1976 abgeschlossen, wobei seine Realisierung im<\/p>\n","protected":false},"author":6,"featured_media":13774,"parent":13893,"menu_order":0,"comment_status":"closed","ping_status":"closed","template":"","meta":{"footnotes":""},"categories":[200],"tags":[206],"class_list":["post-13735","page","type-page","status-publish","has-post-thumbnail","hentry","category-uber-das-hotel-cs","tag-um-de"],"acf":[],"yoast_head":"<!-- This site is optimized with the Yoast SEO plugin v21.8 - https:\/\/yoast.com\/wordpress\/plugins\/seo\/ -->\n<title>Geschichte des reSTART Hotels - Hotel reSTART<\/title>\n<meta name=\"robots\" content=\"index, follow, max-snippet:-1, max-image-preview:large, max-video-preview:-1\" \/>\n<link rel=\"canonical\" href=\"https:\/\/www.hotelrestart.cz\/de\/ueber-das-hotel\/geschichte-des-restart-hotels\/\" \/>\n<meta property=\"og:locale\" content=\"de_DE\" \/>\n<meta property=\"og:type\" content=\"article\" \/>\n<meta property=\"og:title\" content=\"Geschichte des reSTART Hotels - Hotel reSTART\" \/>\n<meta property=\"og:description\" content=\"[vc_row full_width=&#8221;stretch_row&#8221; content_placement=&#8221;middle&#8221; el_class=&#8221;featured&#8221; css=&#8221;.vc_custom_1599051441764{background-image: url(https:\/\/www.hotelrestart.cz\/wp-content\/uploads\/2020\/09\/O_hotelu.jpg?id=9101) !important;background-position: center !important;background-repeat: no-repeat !important;background-size: cover !important;}&#8221;][vc_column][vc_column_text] Hotelgeschichte [\/vc_column_text][\/vc_column][\/vc_row][vc_row][vc_column][vc_column_text]Der Bau des Geb\u00e4udes wurde Anfang 1976 abgeschlossen, wobei seine Realisierung im\" \/>\n<meta property=\"og:url\" content=\"https:\/\/www.hotelrestart.cz\/de\/ueber-das-hotel\/geschichte-des-restart-hotels\/\" \/>\n<meta property=\"og:site_name\" content=\"Hotel reSTART\" \/>\n<meta property=\"article:modified_time\" content=\"2025-03-24T09:35:50+00:00\" \/>\n<meta property=\"og:image\" content=\"https:\/\/www.hotelrestart.cz\/wp-content\/uploads\/2018\/12\/Image00031.jpg\" \/>\n\t<meta property=\"og:image:width\" content=\"1000\" \/>\n\t<meta property=\"og:image:height\" content=\"667\" \/>\n\t<meta property=\"og:image:type\" content=\"image\/jpeg\" \/>\n<meta name=\"twitter:card\" content=\"summary_large_image\" \/>\n<meta name=\"twitter:label1\" content=\"Gesch\u00e4tzte Lesezeit\" \/>\n\t<meta name=\"twitter:data1\" content=\"2\u00a0Minuten\" \/>\n<script type=\"application\/ld+json\" class=\"yoast-schema-graph\">{\"@context\":\"https:\/\/schema.org\",\"@graph\":[{\"@type\":\"WebPage\",\"@id\":\"https:\/\/www.hotelrestart.cz\/de\/ueber-das-hotel\/geschichte-des-restart-hotels\/\",\"url\":\"https:\/\/www.hotelrestart.cz\/de\/ueber-das-hotel\/geschichte-des-restart-hotels\/\",\"name\":\"Geschichte des reSTART Hotels - Hotel reSTART\",\"isPartOf\":{\"@id\":\"https:\/\/www.hotelrestart.cz\/#website\"},\"datePublished\":\"2019-06-01T18:15:59+00:00\",\"dateModified\":\"2025-03-24T09:35:50+00:00\",\"breadcrumb\":{\"@id\":\"https:\/\/www.hotelrestart.cz\/de\/ueber-das-hotel\/geschichte-des-restart-hotels\/#breadcrumb\"},\"inLanguage\":\"de\",\"potentialAction\":[{\"@type\":\"ReadAction\",\"target\":[\"https:\/\/www.hotelrestart.cz\/de\/ueber-das-hotel\/geschichte-des-restart-hotels\/\"]}]},{\"@type\":\"BreadcrumbList\",\"@id\":\"https:\/\/www.hotelrestart.cz\/de\/ueber-das-hotel\/geschichte-des-restart-hotels\/#breadcrumb\",\"itemListElement\":[{\"@type\":\"ListItem\",\"position\":1,\"name\":\"Home\",\"item\":\"https:\/\/www.hotelrestart.cz\/de\/hotel-restart-jicin-offizielle-website\/\"},{\"@type\":\"ListItem\",\"position\":2,\"name\":\"\u00dcber das Hotel\",\"item\":\"https:\/\/www.hotelrestart.cz\/de\/ueber-das-hotel\/\"},{\"@type\":\"ListItem\",\"position\":3,\"name\":\"Geschichte des reSTART Hotels\"}]},{\"@type\":\"WebSite\",\"@id\":\"https:\/\/www.hotelrestart.cz\/#website\",\"url\":\"https:\/\/www.hotelrestart.cz\/\",\"name\":\"Hotel reSTART\",\"description\":\"4* Hotel v Ji\u010d\u00edn\u011b\",\"potentialAction\":[{\"@type\":\"SearchAction\",\"target\":{\"@type\":\"EntryPoint\",\"urlTemplate\":\"https:\/\/www.hotelrestart.cz\/?s={search_term_string}\"},\"query-input\":\"required name=search_term_string\"}],\"inLanguage\":\"de\"}]}<\/script>\n<!-- \/ Yoast SEO plugin. -->","yoast_head_json":{"title":"Geschichte des reSTART Hotels - Hotel reSTART","robots":{"index":"index","follow":"follow","max-snippet":"max-snippet:-1","max-image-preview":"max-image-preview:large","max-video-preview":"max-video-preview:-1"},"canonical":"https:\/\/www.hotelrestart.cz\/de\/ueber-das-hotel\/geschichte-des-restart-hotels\/","og_locale":"de_DE","og_type":"article","og_title":"Geschichte des reSTART Hotels - Hotel reSTART","og_description":"[vc_row full_width=&#8221;stretch_row&#8221; content_placement=&#8221;middle&#8221; el_class=&#8221;featured&#8221; css=&#8221;.vc_custom_1599051441764{background-image: url(https:\/\/www.hotelrestart.cz\/wp-content\/uploads\/2020\/09\/O_hotelu.jpg?id=9101) !important;background-position: center !important;background-repeat: no-repeat !important;background-size: cover !important;}&#8221;][vc_column][vc_column_text] Hotelgeschichte [\/vc_column_text][\/vc_column][\/vc_row][vc_row][vc_column][vc_column_text]Der Bau des Geb\u00e4udes wurde Anfang 1976 abgeschlossen, wobei seine Realisierung im","og_url":"https:\/\/www.hotelrestart.cz\/de\/ueber-das-hotel\/geschichte-des-restart-hotels\/","og_site_name":"Hotel reSTART","article_modified_time":"2025-03-24T09:35:50+00:00","og_image":[{"width":1000,"height":667,"url":"https:\/\/www.hotelrestart.cz\/wp-content\/uploads\/2018\/12\/Image00031.jpg","type":"image\/jpeg"}],"twitter_card":"summary_large_image","twitter_misc":{"Gesch\u00e4tzte Lesezeit":"2\u00a0Minuten"},"schema":{"@context":"https:\/\/schema.org","@graph":[{"@type":"WebPage","@id":"https:\/\/www.hotelrestart.cz\/de\/ueber-das-hotel\/geschichte-des-restart-hotels\/","url":"https:\/\/www.hotelrestart.cz\/de\/ueber-das-hotel\/geschichte-des-restart-hotels\/","name":"Geschichte des reSTART Hotels - Hotel reSTART","isPartOf":{"@id":"https:\/\/www.hotelrestart.cz\/#website"},"datePublished":"2019-06-01T18:15:59+00:00","dateModified":"2025-03-24T09:35:50+00:00","breadcrumb":{"@id":"https:\/\/www.hotelrestart.cz\/de\/ueber-das-hotel\/geschichte-des-restart-hotels\/#breadcrumb"},"inLanguage":"de","potentialAction":[{"@type":"ReadAction","target":["https:\/\/www.hotelrestart.cz\/de\/ueber-das-hotel\/geschichte-des-restart-hotels\/"]}]},{"@type":"BreadcrumbList","@id":"https:\/\/www.hotelrestart.cz\/de\/ueber-das-hotel\/geschichte-des-restart-hotels\/#breadcrumb","itemListElement":[{"@type":"ListItem","position":1,"name":"Home","item":"https:\/\/www.hotelrestart.cz\/de\/hotel-restart-jicin-offizielle-website\/"},{"@type":"ListItem","position":2,"name":"\u00dcber das Hotel","item":"https:\/\/www.hotelrestart.cz\/de\/ueber-das-hotel\/"},{"@type":"ListItem","position":3,"name":"Geschichte des reSTART Hotels"}]},{"@type":"WebSite","@id":"https:\/\/www.hotelrestart.cz\/#website","url":"https:\/\/www.hotelrestart.cz\/","name":"Hotel reSTART","description":"4* Hotel v Ji\u010d\u00edn\u011b","potentialAction":[{"@type":"SearchAction","target":{"@type":"EntryPoint","urlTemplate":"https:\/\/www.hotelrestart.cz\/?s={search_term_string}"},"query-input":"required name=search_term_string"}],"inLanguage":"de"}]}},"_links":{"self":[{"href":"https:\/\/www.hotelrestart.cz\/de\/wp-json\/wp\/v2\/pages\/13735","targetHints":{"allow":["GET"]}}],"collection":[{"href":"https:\/\/www.hotelrestart.cz\/de\/wp-json\/wp\/v2\/pages"}],"about":[{"href":"https:\/\/www.hotelrestart.cz\/de\/wp-json\/wp\/v2\/types\/page"}],"author":[{"embeddable":true,"href":"https:\/\/www.hotelrestart.cz\/de\/wp-json\/wp\/v2\/users\/6"}],"replies":[{"embeddable":true,"href":"https:\/\/www.hotelrestart.cz\/de\/wp-json\/wp\/v2\/comments?post=13735"}],"version-history":[{"count":1,"href":"https:\/\/www.hotelrestart.cz\/de\/wp-json\/wp\/v2\/pages\/13735\/revisions"}],"predecessor-version":[{"id":13899,"href":"https:\/\/www.hotelrestart.cz\/de\/wp-json\/wp\/v2\/pages\/13735\/revisions\/13899"}],"up":[{"embeddable":true,"href":"https:\/\/www.hotelrestart.cz\/de\/wp-json\/wp\/v2\/pages\/13893"}],"wp:featuredmedia":[{"embeddable":true,"href":"https:\/\/www.hotelrestart.cz\/de\/wp-json\/wp\/v2\/media\/13774"}],"wp:attachment":[{"href":"https:\/\/www.hotelrestart.cz\/de\/wp-json\/wp\/v2\/media?parent=13735"}],"wp:term":[{"taxonomy":"category","embeddable":true,"href":"https:\/\/www.hotelrestart.cz\/de\/wp-json\/wp\/v2\/categories?post=13735"},{"taxonomy":"post_tag","embeddable":true,"href":"https:\/\/www.hotelrestart.cz\/de\/wp-json\/wp\/v2\/tags?post=13735"}],"curies":[{"name":"wp","href":"https:\/\/api.w.org\/{rel}","templated":true}]}}

<div class="wpb-content-wrapper"><p>[vc_row full_width=&#8221;stretch_row&#8221; content_placement=&#8221;middle&#8221; el_class=&#8221;featured&#8221; css=&#8221;.vc_custom_1599051441764{background-image: url(https://www.hotelrestart.cz/wp-content/uploads/2020/09/O_hotelu.jpg?id=9101) !important;background-position: center !important;background-repeat: no-repeat !important;background-size: cover !important;}&#8221;][vc_column][vc_column_text]</p>
<h1>Hotelgeschichte</h1>
<p>[/vc_column_text][/vc_column][/vc_row][vc_row][vc_column][vc_column_text]Der Bau des Gebäudes wurde Anfang 1976 abgeschlossen, wobei seine Realisierung im Rahmen der sogenannten „ <strong>Z</strong> “-Aktion geplant war, d. h. der „freiwilligen unfreiwilligen“, unbezahlten Arbeitstätigkeit lokaler Bürger zum Zwecke der Verbesserung der Stadt. Während seines Betriebes erwarb sich das damalige „Hotel Start“ einen sehr guten Ruf und zählte zu den bedeutendsten Beherbergungsbetrieben der Region. Das erstklassig ausgestattete Hotel in einem ruhigen Stadtteil mit Anschluss an einen Sportkomplex war damals ein beliebtes Ziel aller Reisenden, die ins Böhmische Paradies wollten. Auch bei Sportvereinen war es beliebt, die es für das Winter- und Sommertraining ihrer Spieler nutzten. Das Hotel wechselte mehrmals den Besitzer, doch fast 30 Jahre lang kam es weder zu größeren Umbau- noch zu umfassenden Instandhaltungsarbeiten, sodass der Zahn der Zeit seinen Tribut forderte und das Gebäude fast vollständig verfiel. Die Stadt Jičín erwog, das Gebäude aus eigenen Mitteln zu renovieren, doch am Ende entschieden sich die Stadträte für den Verkauf an einen privaten Eigentümer. Im Jahr 2010 wurden die erfahrenen Jičíner Unternehmer Herr … die neuen Eigentümer des Gebäudes. Brusak und Herr Ent, die damals bereits erfolgreiche Familienhotelbetreiber waren. Zwischen 2010 und 2018 wurde das Gebäude einer Generalsanierung unterzogen. Die Eigentümer gaben ihrem neuen Projekt den passenden Namen „hotel reSTART****“, um an die ruhmreiche Geschichte und die erfolgreiche Zukunft zu erinnern, die vor ihnen liegt.          [/vc_column_text][vc_empty_space][/vc_column][/vc_row][vc_row][vc_column width=&#8221;1/2&#8243;][vc_column_text]</p>
<p style="text-align: center;"><strong>Vor der Renovierung</strong></p>
<p>[/vc_column_text][vc_single_image image=&#8221;7027&#8243; img_size=&#8221;large&#8221; alignment=&#8221;center&#8221;][/vc_column][vc_column width=&#8221;1/2&#8243;][vc_column_text]</p>
<p style="text-align: center;"><strong>Nach dem Wiederaufbau</strong></p>
<p>[/vc_column_text][vc_single_image image=&#8221;7028&#8243; img_size=&#8221;large&#8221; alignment=&#8221;center&#8221;][/vc_column][/vc_row][vc_row][vc_column][vc_empty_space][/vc_column][/vc_row][vc_row][vc_column width=&#8221;1/2&#8243;][vc_column_text]</p>
<p style="text-align: center;"><strong>Vor der Renovierung</strong></p>
<p>[/vc_column_text][vc_single_image image=&#8221;7029&#8243; img_size=&#8221;large&#8221; alignment=&#8221;center&#8221;][/vc_column][vc_column width=&#8221;1/2&#8243;][vc_column_text]</p>
<p style="text-align: center;"><strong>Nach dem Wiederaufbau</strong></p>
<p>[/vc_column_text][vc_single_image image=&#8221;7030&#8243; img_size=&#8221;large&#8221; alignment=&#8221;center&#8221;][/vc_column][/vc_row][vc_row][vc_column][vc_empty_space][/vc_column][/vc_row][vc_row][vc_column width=&#8221;1/2&#8243;][vc_column_text]</p>
<p style="text-align: center;"><strong>Vor der Renovierung</strong></p>
<p>[/vc_column_text][vc_single_image image=&#8221;7510&#8243; img_size=&#8221;large&#8221; alignment=&#8221;center&#8221;][/vc_column][vc_column width=&#8221;1/2&#8243;][vc_column_text]</p>
<p style="text-align: center;"><strong>Nach dem Wiederaufbau</strong></p>
<p>[/vc_column_text][vc_single_image image=&#8221;7511&#8243; img_size=&#8221;large&#8221; alignment=&#8221;center&#8221;][/vc_column][/vc_row][vc_row][vc_column][vc_empty_space][/vc_column][/vc_row]</p>
</div>

<p>[vc_row full_width=&#8221;stretch_row&#8221; content_placement=&#8221;middle&#8221; el_class=&#8221;featured&#8221; css=&#8221;.vc_custom_1599051441764{background-image: url(https://www.hotelrestart.cz/wp-content/uploads/2020/09/O_hotelu.jpg?id=9101) !important;background-position: center !important;background-repeat: no-repeat !important;background-size: cover !important;}&#8221;][vc_column][vc_column_text] Hotelgeschichte [/vc_column_text][/vc_column][/vc_row][vc_row][vc_column][vc_column_text]Der Bau des Gebäudes wurde Anfang 1976 abgeschlossen, wobei seine Realisierung im</p>

<!-- This site is optimized with the Yoast SEO plugin v21.8 - https://yoast.com/wordpress/plugins/seo/ -->
<title>Geschichte des reSTART Hotels - Hotel reSTART</title>
<meta name="robots" content="index, follow, max-snippet:-1, max-image-preview:large, max-video-preview:-1" />
<link rel="canonical" href="https://www.hotelrestart.cz/de/ueber-das-hotel/geschichte-des-restart-hotels/" />
<meta property="og:locale" content="de_DE" />
<meta property="og:type" content="article" />
<meta property="og:title" content="Geschichte des reSTART Hotels - Hotel reSTART" />
<meta property="og:description" content="[vc_row full_width=&#8221;stretch_row&#8221; content_placement=&#8221;middle&#8221; el_class=&#8221;featured&#8221; css=&#8221;.vc_custom_1599051441764{background-image: url(https://www.hotelrestart.cz/wp-content/uploads/2020/09/O_hotelu.jpg?id=9101) !important;background-position: center !important;background-repeat: no-repeat !important;background-size: cover !important;}&#8221;][vc_column][vc_column_text] Hotelgeschichte [/vc_column_text][/vc_column][/vc_row][vc_row][vc_column][vc_column_text]Der Bau des Gebäudes wurde Anfang 1976 abgeschlossen, wobei seine Realisierung im" />
<meta property="og:url" content="https://www.hotelrestart.cz/de/ueber-das-hotel/geschichte-des-restart-hotels/" />
<meta property="og:site_name" content="Hotel reSTART" />
<meta property="article:modified_time" content="2025-03-24T09:35:50+00:00" />
<meta property="og:image" content="https://www.hotelrestart.cz/wp-content/uploads/2018/12/Image00031.jpg" />
	<meta property="og:image:width" content="1000" />
	<meta property="og:image:height" content="667" />
	<meta property="og:image:type" content="image/jpeg" />
<meta name="twitter:card" content="summary_large_image" />
<meta name="twitter:label1" content="Geschätzte Lesezeit" />
	<meta name="twitter:data1" content="2 Minuten" />
<script type="application/ld+json" class="yoast-schema-graph">{"@context":"https://schema.org","@graph":[{"@type":"WebPage","@id":"https://www.hotelrestart.cz/de/ueber-das-hotel/geschichte-des-restart-hotels/","url":"https://www.hotelrestart.cz/de/ueber-das-hotel/geschichte-des-restart-hotels/","name":"Geschichte des reSTART Hotels - Hotel reSTART","isPartOf":{"@id":"https://www.hotelrestart.cz/#website"},"datePublished":"2019-06-01T18:15:59+00:00","dateModified":"2025-03-24T09:35:50+00:00","breadcrumb":{"@id":"https://www.hotelrestart.cz/de/ueber-das-hotel/geschichte-des-restart-hotels/#breadcrumb"},"inLanguage":"de","potentialAction":[{"@type":"ReadAction","target":["https://www.hotelrestart.cz/de/ueber-das-hotel/geschichte-des-restart-hotels/"]}]},{"@type":"BreadcrumbList","@id":"https://www.hotelrestart.cz/de/ueber-das-hotel/geschichte-des-restart-hotels/#breadcrumb","itemListElement":[{"@type":"ListItem","position":1,"name":"Home","item":"https://www.hotelrestart.cz/de/hotel-restart-jicin-offizielle-website/"},{"@type":"ListItem","position":2,"name":"Über das Hotel","item":"https://www.hotelrestart.cz/de/ueber-das-hotel/"},{"@type":"ListItem","position":3,"name":"Geschichte des reSTART Hotels"}]},{"@type":"WebSite","@id":"https://www.hotelrestart.cz/#website","url":"https://www.hotelrestart.cz/","name":"Hotel reSTART","description":"4* Hotel v Jičíně","potentialAction":[{"@type":"SearchAction","target":{"@type":"EntryPoint","urlTemplate":"https://www.hotelrestart.cz/?s={search_term_string}"},"query-input":"required name=search_term_string"}],"inLanguage":"de"}]}</script>
<!-- / Yoast SEO plugin. -->

[vc_row full_width=&#8221;stretch_row&#8221; content_placement=&#8221;middle&#8221; el_class=&#8221;featured&#8221; css=&#8221;.vc_custom_1599051441764{background-image: url(https://www.hotelrestart.cz/wp-content/uploads/2020/09/O_hotelu.jpg?id=9101) !important;background-position: center !important;background-repeat: no-repeat !important;background-size: cover !important;}&#8221;][vc_column][vc_column_text] Hotelgeschichte [/vc_column_text][/vc_column][/vc_row][vc_row][vc_column][vc_column_text]Der Bau des Gebäudes wurde Anfang 1976 abgeschlossen, wobei seine Realisierung im

Über das Hotel

4* Hotel v Jičíně
